Let j(f) = -f**2 - 10*f - 9. Let v = 32 - 22. Let u = 3 - v. What is the tens digit of j(u)?
1
Let j(w) = -w**3 + 10 - 2 + 4*w + 5*w**2 + w. Let t be j(6). Suppose n + g - 13 = 0, 3*n - t*g = 8*n - 59. What is the tens digit of n?
1
Let f(b) = -2*b**2 + 7 - 2*b - 4*b**3 + 11*b**2 + 5*b**3. What is the hundreds digit of f(-6)?
1
Suppose 4*h = -4*t - t - 166, -2*t = 3*h + 121. Let i = -22 - h. What is the tens digit of i?
1
Let w(f) = 28 - 18 - 20*f + 31 + 2. What is the tens digit of w(-8)?
0
Let g = -139 - -247. What is the units digit of g?
8
Let z = -11 - -12. What is the tens digit of (-8 + -9)/(z/(-5))?
8
Suppose 6*k = 16*k - 50. Suppose 5*h - d - 56 = 0, -3 - 77 = -k*h - 5*d. What is the units digit of h?
2
Suppose 2*m = -m + 135. Let h = m + 7. What is the units digit of h?
2
Suppose -201 = 10*d + 89. Suppose 0 = -3*s + 102 + 45. Let u = s + d. What is the units digit of u?
0
Suppose 2*f + 2 = -j + 4, j + 2 = 0. What is the units digit of (368/24)/(f/6)?
6
What is the tens digit of 52 - (1 + -2 + -4)?
5
Suppose 3*j + 49 = 2*p, 4*p + 4*j - 86 = 62. Let k = -18 + p. Let r = 33 + k. What is the units digit of r?
7
Let y = -3423 + 4809. What is the units digit of y?
6
Let b = -12 - -11. Let n be -9*b/(3 + -4). What is the units digit of -6 - n - -1*19?
2
Let y(a) be the second derivative of a**4/24 + 4*a**3/3 - a**2/2 + 6*a. Let r(j) be the first derivative of y(j). What is the units digit of r(0)?
8
Let n(x) = -x**2 + 14*x + 15. Let d be n(15). Let l = 12 - d. Let v = l + -4. What is the units digit of v?
8
Let d(f) = 77*f**2 - 3*f + 2. Let k(n) = n - 5. Let y be k(6). What is the units digit of d(y)?
6
Let o be (-2)/((-5)/((-175)/(-10))). Suppose -o*a = -3*a - 92. What is the units digit of a?
3
Let l(s) be the second derivative of -6*s + 0 - 1/12*s**4 - 5/3*s**3 + 1/2*s**2. What is the units digit of l(-9)?
0
Let d be 18/30 - 36/10. What is the tens digit of 2 - -58 - (-1 - d)?
5
Suppose -38*h + 36*h + 1382 = -3*c, h = 5*c + 684. What is the hundreds digit of h?
6
Let f be ((-6)/(-6))/((-1)/14). Let y = -11 - f. Suppose -23 = -k - y. What is the units digit of k?
0
Suppose 0 = 3*r + r - 160. Suppose -5*s + 3*s = -r. Let v = 40 - s. What is the units digit of v?
0
Let h(g) be the first derivative of -1/3*g**3 + 0*g**2 + 1/4*g**4 - 5 + 3*g. What is the units digit of h(0)?
3
Let v be (3/9 - 2)*-3. Suppose 4 = -p, u - 2*p = -v + 19. Suppose -b = -u*b + 10. What is the units digit of b?
2
Suppose -59*t + 63*t - 940 = 0. What is the tens digit of t?
3
What is the units digit of 125 + (-6 - -18 - 6)?
1
Suppose -6*v + 40 = -8. Suppose -13*d + 210 = -v*d. What is the tens digit of d?
4
Let d be (2123/22)/((-6)/4)*-3. Let k = d + -89. What is the hundreds digit of k?
1
Suppose 4*w + 43 = 63. Suppose -3*a + 15 = 0, -4*a = -w*y + 164 - 4. What is the units digit of y?
6
Let p(d) = -d**2 + d + 23. Let z(j) = -j + 2. Let h(w) = -p(w) + z(w). What is the tens digit of h(-7)?
4
Suppose 4*k - 4240 + 208 = 0. What is the tens digit of k?
0
Let r be (0 + -1)/((-2)/(-72)). Let x = r - -39. Suppose x*w - 58 = w. What is the tens digit of w?
2
Let q(v) = -152*v - 1. Let z be q(-1). Let p = 76 - z. What is the tens digit of p/(-6) - (-3)/(-2)?
1
Let u = -4723 + 9802. What is the units digit of u?
9
What is the tens digit of 8/10 + (-4)/5 + 272?
7
Suppose -5 = 5*t, 5*x - 87 = -3*t + 20. Suppose -10*u = x - 162. What is the tens digit of u?
1
Let d = -31 - -757. What is the hundreds digit of d?
7
What is the hundreds digit of -1 - 12312/(-20) - 12/20?
6
Suppose -15 = -0*c - 5*c. Suppose -2*v = -5*d + 3*v + 675, 3*d = -c*v + 399. What is the tens digit of d?
3
Let r = -55 + 8. Let m = -42 - r. What is the units digit of m?
5
Let c = -11 + 10. Let q = 18 + c. What is the units digit of q?
7
Suppose 14*j - 9140 = 3138. What is the units digit of j?
7
Suppose 2*n - 16 = 5*g, -10 = -4*g - 26. Let u be 16/(27/12 + n). Suppose 3*a = -3*v + 102, 2*a + 0*a - u = 2*v. What is the units digit of a?
3
Let h(j) = 509*j**2 + j + 3. What is the hundreds digit of h(1)?
5
Let m(f) = -f**3 + f**2 + 16*f + 43. What is the tens digit of m(-3)?
3
Let d(y) be the second derivative of y**4/12 + 3*y**3/2 + y**2/2 + 17*y. What is the units digit of d(7)?
3
Suppose -g = -b - 1440, -5*g - 4*b + 7084 + 161 = 0. What is the thousands digit of g?
1
Let q = 177 + -3. What is the tens digit of q?
7
What is the tens digit of 38721/39 + 18/117?
9
Let x(a) = -a**3 + 11*a**2 - 13*a + 1. Let v be x(10). Let p = v - -32. Suppose -p*s = 2*s - 350. What is the tens digit of s?
7
Suppose 0 = -a - 5*d + 280, -2*d + 7 = -3. Suppose a = 55*v - 52*v. What is the units digit of v?
5
Let z be 2/2*-4*(-47)/2. Let o = 196 - z. What is the hundreds digit of o?
1
Suppose -225*x - 917 = -232*x. What is the units digit of x?
1
Let b(v) = v**2 - 16*v + 13. Let m be b(19). Let y = m - 47. What is the units digit of y?
3
Suppose 30 = 2*k - 338. Let v = k + -89. What is the tens digit of v?
9
Let d be (-4)/5 - (-273)/35. Suppose -2 = -3*t + d. What is the tens digit of (-1267)/(-28) - t/12?
4
Let a(x) = -2*x**2 + 9*x + 10. Let t be a(-5). Let b = 119 + t. What is the units digit of b?
4
Let i(m) = m**3 - m**2 + 2*m - 1. Suppose 2*z = z + 2. Let j be 1/z*(4 - -2). What is the units digit of i(j)?
3
Let i(w) = w**3 + 23*w**2 + 3*w + 50. What is the hundreds digit of i(-20)?
1
Suppose -4*x = 4, -4*w + 6*w = -4*x - 4. Suppose -3*z = -2*g + 1, w*z + z - g = -2. Suppose -4*r - z = -5*r. What is the units digit of r?
3
Let h(k) = -3*k**3 - k**2 + 4*k + 3. Let o be h(-2). Suppose o = -v + 4*v, -3*v = 5*s - 255. What is the units digit of s?
8
Let n be 0 + 8 + 3 + 4. Let f be ((-5)/n)/(1/(-3)). Suppose -2*t - f = -5*d, -t - 2 = d - 4*d. What is the units digit of t?
7
Let d(f) = 10*f**2 - 13*f + 12. What is the tens digit of d(6)?
9
Suppose 0 = 3*b - 12. Suppose -o + b = -35. What is the units digit of o?
9
Let h(f) = 5*f + 19. Let x be h(24). Let j = x - 90. What is the tens digit of j?
4
Let c = 5 - 1. Let v(k) = k**3 - k**2 - 4*k - 3. Let s be v(c). Let b = -18 + s. What is the units digit of b?
1
Suppose -3*h + 7*h + v = 1, -9 = 3*h + 4*v. Let d be h/5 + (-216)/(-20). Let r = 12 - d. What is the units digit of r?
1
Let j(q) = q**3 - 6*q**2 + q + 1. Let k be 6/15 - 88/(-5). Suppose 2*n + k = 2*d, d = -2*n - 3*n - 9. What is the units digit of j(d)?
7
Suppose 0 = 5*h - 5*b + 43 - 113, 7 = 2*h + 5*b. Suppose 0 = 18*o - h*o - 266. What is the tens digit of o?
3
Let j(t) be the first derivative of 5*t**2/2 - t - 13. What is the units digit of j(7)?
4
Let m(w) = w**2 - w + 4. Suppose 3*o - 5 = -17. Let f be (2/(-2))/(o/24). What is the units digit of m(f)?
4
Suppose 3295 = 5*m - 8035. What is the hundreds digit of m?
2
Suppose -4*w = -u + 731, 8*w = 3*u + 9*w - 2232. What is the units digit of u?
3
Suppose 3*n - 25 = -2*n. Let u(p) = 20*p - 13. What is the units digit of u(n)?
7
Let v(f) = -36*f**3 - 2*f**2 - 2*f - 1. Let d be v(-1). Let h = d - 34. What is the units digit of h?
1
Let w = 4738 + -2203. What is the thousands digit of w?
2
What is the units digit of (-4 - 110/(-25))*165?
6
Let f(b) = 7*b - 5. Let s be f(2). Let c = s + -9. Suppose c = -l + 20 + 10. What is the tens digit of l?
3
Suppose 0 = -14*y + 11*y + 882. What is the tens digit of y?
9
Suppose -5*v + 1067 = -1613. What is the tens digit of v?
3
What is the tens digit of (-28)/175*10*4570/(-4)?
2
Let j = -15 + 13. Let v be j/(-18)*-3*-6. Suppose -5*m = -3*m - v*x - 58, 39 = m + 4*x. What is the tens digit of m?
3
Suppose -12*t + 22383 = 15*t. What is the tens digit of t?
2
Let b = 49 + 6. Suppose -2*i - 13 = -o, 0*o - b = -3*o - 2*i. What is the units digit of o?
7
Suppose 22 = 2*t - 3*u, t = -0*t - 2*u - 3. Suppose -2*o + o - 2*r + 18 = 0, t*o - 4*r - 118 = 0. Suppose 4*p = -o + 110. What is the tens digit of p?
2
Suppose -4*x = 3*a - 6494, 1126 = x + 5*a - 506. What is the hundreds digit of x?
6
What is the units digit of (7700/(-28))/(1/(-5))?
5
Suppose 0 = -52*w + 51*w - 125. Let q = 222 + w. What is the tens digit of q?
9
What is the tens digit of -8 + 1 + 1121 + (-99)/9?
0
Suppose 59*d + 620 = 64*d. What is the units digit of d?
4
Suppose 52*t - 18*t - 25194 = 0. What is the hundreds digit of t?
7
Let v(o) = o + 36. Let m be 23/2 + (-8)/16. What is 